visor of 48501 and 136310.
317
Calculate the highest common factor of 1995 and 11685.
285
Calculate the greatest common divisor of 884736 and 32.
32
What is the highest common factor of 842474 and 178?
178
What is the greatest common factor of 2341484 and 76?
76
Calculate the highest common divisor of 298 and 28906.
298
Calculate the highest common divisor of 10 and 17785.
5
What is the highest common divisor of 10310 and 30?
10
Calculate the highest common factor of 183 and 663131.
61
Calculate the highest common factor of 374 and 35992.
22
Calculate the greatest common divisor of 7844 and 46324.
148
Calculate the highest common factor of 283136 and 553.
553
Calculate the greatest common factor of 380532 and 285.
57
What is the greatest common divisor of 2 and 507818?
2
What is the highest common factor of 14 and 42518?
14
What is the highest common factor of 350664 and 696?
24
Calculate the greatest common divisor of 270 and 11520.
90
What is the greatest common divisor of 254 and 182?
2
What is the highest common factor of 106386 and 336?
42
What is the highest common factor of 5597 and 14297?
29
What is the highest common factor of 31302 and 1089?
9
What is the highest common divisor of 1239472 and 1534?
1534
Calculate the highest common factor of 56 and 1687.
7
What is the highest common factor of 205896 and 2208?
552
What is the highest common factor of 913 and 2212199?
913
Calculate the highest common divisor of 112924 and 52756.
436
Calculate the greatest common divisor of 19208 and 112.
56
What is the highest common divisor of 24 and 362022?
6
Calculate the greatest common factor of 6370 and 403270.
490
What is the greatest common factor of 4293 and 1377?
81
Calculate the greatest common divisor of 6 and 13499.
1
What is the greatest common divisor of 3045 and 6583?
29
Calculate the highest common factor of 540 and 6622020.
540
What is the greatest common divisor of 459 and 26707?
17
Calculate the greatest common factor of 31772 and 47.
47
What is the highest common factor of 4247 and 17143?
31
What is the highest common divisor of 6577578 and 54?
54
What is the highest common factor of 68 and 143531?
17
Calculate the highest common divisor of 267243 and 8169.
1167
What is the highest common factor of 1746 and 1728?
18
Calculate the greatest common factor of 233 and 154013.
233
What is the greatest common divisor of 4195 and 282743?
839
Calculate the highest common factor of 469 and 3647.
7
What is the highest common factor of 78 and 3102?
6
What is the highest common factor of 631521 and 396?
99
Calculate the greatest common factor of 4199 and 102068.
323
What is the greatest common divisor of 144 and 2099502?
18
What is the highest common divisor of 2453 and 781?
11
What is the greatest common factor of 44 and 17941?
11
What is the greatest common factor of 11629 and 95037?
401
What is the highest common divisor of 182 and 32494?
14
What is the greatest common factor of 140 and 1765?
5
Calculate the highest common divisor of 47 and 684367.
47
Calculate the highest common factor of 154 and 96712.
154
Calculate the highest common factor of 130 and 438490.
130
What is the greatest common divisor of 8 and 694?
2
Calculate the greatest common divisor of 6387 and 6.
3
What is the greatest common factor of 336 and 90594?
42
What is the greatest common factor of 7461 and 9648?
9
Calculate the greatest common divisor of 487278 and 46.
46
What is the highest common divisor of 25926 and 3074?
58
What is the highest common divisor of 31 and 257?
1
What is the highest common divisor of 371 and 133?
7
What is the greatest common divisor of 415516 and 69727?
1423
Calculate the greatest common divisor of 5928 and 2033.
19
Calculate the greatest common divisor of 16000 and 337000.
1000
What is the highest common factor of 104778 and 144?
18
Calculate the greatest common factor of 12255 and 1425.
285
Calculate the highest common divisor of 968 and 187528.
88
What is the highest common factor of 2277 and 9603?
99
What is the greatest common divisor of 896 and 2432?
128
What is the greatest common divisor of 408 and 19056?
24
Calculate the greatest common divisor of 899 and 3193.
31
Calculate the highest common factor of 148 and 388389.
37
Calculate the greatest common factor of 558 and 682.
62
Calculate the greatest common divisor of 5785 and 91.
13
Calculate the highest common divisor of 1081 and 3290.
47
What is the greatest common divisor of 2880 and 225756?
36
What is the greatest common divisor of 42 and 79653?
21
What is the greatest common factor of 934 and 70517?
467
What is the highest common factor of 328 and 136?
8
Calculate the highest common divisor of 218550 and 300.
150
What is the greatest common divisor of 1768 and 4854928?
1768
Calculate the highest common factor of 176 and 11803.
11
Calculate the greatest common factor of 320 and 4603840.
320
What is the greatest common divisor of 1122 and 1190?
34
What is the greatest common divisor of 101230 and 310?
10
Calculate the greatest common factor of 3825 and 68.
17
Calculate the greatest common divisor of 284105 and 5.
5
Calculate the greatest common factor of 44014717 and 17.
17
What is the greatest common factor of 3188142 and 2664?
666
Calculate the highest common divisor of 658 and 28882.
14
What is the highest common divisor of 929792 and 908?
908
Calculate the highest common divisor of 3130 and 241636.
626
What is the greatest common divisor of 94 and 47?
47
What is the highest common divisor of 18908 and 2668?
116
What is the highest common divisor of 16 and 164896?
16
What is the highest common divisor of 10980 and 900?
180
What is the highest common factor of 949 and 30641?
13
What is the greatest common divisor of 80496 and 78000?
624
Calculate the greatest common factor of 11538 and 558.
18
Calculate the highest common factor of 1536 and 6672.
48
What is the highest common factor of 1236 and 3914?
206
What is the highest common divisor of 1444 and 3933?
19
What is the highest common divisor of 4 and 25292?
4
What is the highest common divisor of 554026 and 44?
22
What is the highest common divisor of 232325 and 25?
25
What is the greatest common factor of 13699 and 2261?
133
What is the highest common divisor of 119 and 15589?
119
What is the greatest common factor of 180597 and 2109?
111
What is the greatest common divisor of 96 and 605688?
24
What is the highest common divisor of 561 and 480777?
561
Calculate the highest common factor of 164 and 52849.
41
Calculate the highest common factor of 595 and 31178.
119
Calculate the greatest common factor of 304339 and 49.
49
What is the greatest common divisor of 5955 and 14689?
397
What is the greatest common factor of 305 and 2745?
305
Calculate the greatest common divisor of 144950 and 442.
26
Calculate the highest common divisor of 129 and 5219813.
43
Calculate the highest common divisor of 637944 and 152.
152
Calculate the highest common divisor of 2418 and 1488.
186
What is the greatest common divisor of 84 and 44625?
21
What is the highest common factor of 13193 and 395?
79
What is the highest common factor of 856 and 69656?
8
What is the highest common divisor of 1112 and 321229?
139
What is the highest common divisor of 448 and 11012?
4
Calculate the greatest common divisor of 56 and 497266.
14
Calculate the greatest common divisor of 1 and 69715.
1
Calculate the highest common divisor of 144 and 11988.
36
Calculate the highest common factor of 80 and 256.
16
Calculate the highest common divisor of 7 and 58079.
7
Calculate the highest common factor of 17675 and 350.
175
Calculate the greatest common factor of 3456 and 1647.
27
What is the greatest common factor of 2527 and 2128?
133
What is the highest common divisor of 10 and 118432?
2
What is the greatest common factor of 7035 and 16191?
21
What is the highest common factor of 17010 and 10962?
378
What is the highest common factor of 243786 and 738?
246
What is the greatest common divisor of 868 and 18476?
124
What is the greatest common divisor of 1284 and 1314?
6
What is the greatest common factor of 7 and 523936?
7
Calculate the highest common divisor of 2368 and 227624.
296
What is the highest common factor of 4877271 and 63?
63
Calculate the greatest common fa